[INFO] cloning repository https://github.com/blainehansen/micro-chimp
[INFO] running `Command { std: "git" "-c" "credential.helper=" "-c" "credential.helper=/workspace/cargo-home/bin/git-credential-null" "clone" "--bare" "https://github.com/blainehansen/micro-chimp" "/workspace/cache/git-repos/https%3A%2F%2Fgithub.com%2Fblainehansen%2Fmicro-chimp", kill_on_drop: false }`
[INFO] [stderr] Cloning into bare repository '/workspace/cache/git-repos/https%3A%2F%2Fgithub.com%2Fblainehansen%2Fmicro-chimp'...
[INFO] running `Command { std: "git" "rev-parse" "HEAD", kill_on_drop: false }`
[INFO] [stdout] 6beeda3216687a72725fbf2683d7bd183f37d189
[INFO] checking blainehansen/micro-chimp against try#72f88fc4e9458f89516a0b8b0868f3718aec5b47 for pr-74989
[INFO] running `Command { std: "git" "clone" "/workspace/cache/git-repos/https%3A%2F%2Fgithub.com%2Fblainehansen%2Fmicro-chimp" "/workspace/builds/worker-0/source", kill_on_drop: false }`
[INFO] [stderr] Cloning into '/workspace/builds/worker-0/source'...
[INFO] [stderr] done.
[INFO] validating manifest of git repo https://github.com/blainehansen/micro-chimp on toolchain 72f88fc4e9458f89516a0b8b0868f3718aec5b47
[INFO] running `Command { std: "/workspace/cargo-home/bin/cargo" "+72f88fc4e9458f89516a0b8b0868f3718aec5b47" "read-manifest" "--manifest-path" "Cargo.toml", kill_on_drop: false }`
[INFO] started tweaking git repo https://github.com/blainehansen/micro-chimp
[INFO] finished tweaking git repo https://github.com/blainehansen/micro-chimp
[INFO] tweaked toml for git repo https://github.com/blainehansen/micro-chimp written to /workspace/builds/worker-0/source/Cargo.toml
[INFO] crate git repo https://github.com/blainehansen/micro-chimp already has a lockfile, it will not be regenerated
[INFO] running `Command { std: "/workspace/cargo-home/bin/cargo" "+72f88fc4e9458f89516a0b8b0868f3718aec5b47" "fetch" "--locked" "--manifest-path" "Cargo.toml", kill_on_drop: false }`
[INFO] [stderr]  Downloading crates ...
[INFO] [stderr]   Downloaded rent_to_own v0.1.0
[INFO] [stderr]   Downloaded derive_state_machine_future v0.2.0
[INFO] [stderr]   Downloaded state_machine_future v0.2.0
[INFO] [stderr]   Downloaded postgres-protocol v0.4.1
[INFO] [stderr]   Downloaded tokio-postgres v0.4.0-rc.3
[INFO] running `Command { std: "docker" "create" "-v" "/var/lib/crater-agent-workspace/builds/worker-0/target:/opt/rustwide/target:rw,Z" "-v" "/var/lib/crater-agent-workspace/builds/worker-0/source:/opt/rustwide/workdir:ro,Z" "-v" "/var/lib/crater-agent-workspace/cargo-home:/opt/rustwide/cargo-home:ro,Z" "-v" "/var/lib/crater-agent-workspace/rustup-home:/opt/rustwide/rustup-home:ro,Z" "-e" "SOURCE_DIR=/opt/rustwide/workdir" "-e" "CARGO_TARGET_DIR=/opt/rustwide/target" "-e" "CARGO_HOME=/opt/rustwide/cargo-home" "-e" "RUSTUP_HOME=/opt/rustwide/rustup-home" "-w" "/opt/rustwide/workdir" "-m" "1610612736" "--user" "0:0" "--network" "none" "rustops/crates-build-env@sha256:d92eaeed33fa75130ca1ee6c8a01d1ffb62bac859dfdfb3450e3e5d1c0146529" "/opt/rustwide/cargo-home/bin/cargo" "+72f88fc4e9458f89516a0b8b0868f3718aec5b47" "metadata" "--no-deps" "--format-version=1", kill_on_drop: false }`
[INFO] [stderr] WARNING: Your kernel does not support swap limit capabilities or the cgroup is not mounted. Memory limited without swap.
[INFO] [stdout] 28183ab1602bb1856c1914d081bbc4647fe11c012f27e1faefdac725b8730182
[INFO] running `Command { std: "docker" "start" "-a" "28183ab1602bb1856c1914d081bbc4647fe11c012f27e1faefdac725b8730182", kill_on_drop: false }`
[INFO] running `Command { std: "docker" "inspect" "28183ab1602bb1856c1914d081bbc4647fe11c012f27e1faefdac725b8730182", kill_on_drop: false }`
[INFO] running `Command { std: "docker" "rm" "-f" "28183ab1602bb1856c1914d081bbc4647fe11c012f27e1faefdac725b8730182", kill_on_drop: false }`
[INFO] [stdout] 28183ab1602bb1856c1914d081bbc4647fe11c012f27e1faefdac725b8730182
[INFO] running `Command { std: "docker" "create" "-v" "/var/lib/crater-agent-workspace/builds/worker-0/target:/opt/rustwide/target:rw,Z" "-v" "/var/lib/crater-agent-workspace/builds/worker-0/source:/opt/rustwide/workdir:ro,Z" "-v" "/var/lib/crater-agent-workspace/cargo-home:/opt/rustwide/cargo-home:ro,Z" "-v" "/var/lib/crater-agent-workspace/rustup-home:/opt/rustwide/rustup-home:ro,Z" "-e" "SOURCE_DIR=/opt/rustwide/workdir" "-e" "CARGO_TARGET_DIR=/opt/rustwide/target" "-e" "CARGO_INCREMENTAL=0" "-e" "RUST_BACKTRACE=full" "-e" "RUSTFLAGS=--cap-lints=forbid" "-e" "CARGO_HOME=/opt/rustwide/cargo-home" "-e" "RUSTUP_HOME=/opt/rustwide/rustup-home" "-w" "/opt/rustwide/workdir" "-m" "1610612736" "--user" "0:0" "--network" "none" "rustops/crates-build-env@sha256:d92eaeed33fa75130ca1ee6c8a01d1ffb62bac859dfdfb3450e3e5d1c0146529" "/opt/rustwide/cargo-home/bin/cargo" "+72f88fc4e9458f89516a0b8b0868f3718aec5b47" "check" "--frozen" "--all" "--all-targets" "--message-format=json", kill_on_drop: false }`
[INFO] [stdout] 11f54aac081f525e6f2dff80bc6d5802500577c899fabcf110b993d800a4aba6
[INFO] [stderr] WARNING: Your kernel does not support swap limit capabilities or the cgroup is not mounted. Memory limited without swap.
[INFO] running `Command { std: "docker" "start" "-a" "11f54aac081f525e6f2dff80bc6d5802500577c899fabcf110b993d800a4aba6", kill_on_drop: false }`
[INFO] [stderr]    Compiling semver-parser v0.7.0
[INFO] [stderr]    Compiling memchr v2.2.0
[INFO] [stderr]     Checking fnv v1.0.6
[INFO] [stderr]     Checking stable_deref_trait v1.1.1
[INFO] [stderr]    Compiling serde v1.0.89
[INFO] [stderr]    Compiling encoding_index_tests v0.1.4
[INFO] [stderr]    Compiling regex v1.1.2
[INFO] [stderr]    Compiling ident_case v1.0.1
[INFO] [stderr]     Checking byte-tools v0.3.1
[INFO] [stderr]     Checking linked-hash-map v0.4.2
[INFO] [stderr]     Checking arc-swap v0.3.7
[INFO] [stderr]     Checking safemem v0.3.0
[INFO] [stderr]    Compiling lazy_static v1.3.0
[INFO] [stderr]    Compiling ucd-util v0.1.3
[INFO] [stderr]    Compiling unicode-segmentation v1.2.1
[INFO] [stderr]     Checking fake-simd v0.1.2
[INFO] [stderr]    Compiling utf8-ranges v1.0.2
[INFO] [stderr]     Checking opaque-debug v0.2.2
[INFO] [stderr]     Checking fallible-iterator v0.2.0
[INFO] [stderr]     Checking termcolor v1.0.4
[INFO] [stderr]     Checking rent_to_own v0.1.0
[INFO] [stderr]     Checking antidote v1.0.0
[INFO] [stderr]    Compiling if_chain v0.1.3
[INFO] [stderr]    Compiling case v0.1.0
[INFO] [stderr]     Checking language-tags v0.2.2
[INFO] [stderr]     Checking sha1 v0.6.0
[INFO] [stderr]    Compiling rand_pcg v0.1.2
[INFO] [stderr]    Compiling backtrace v0.3.14
[INFO] [stderr]     Checking tokio-trace-core v0.1.0
[INFO] [stderr]     Checking rand_core v0.3.1
[INFO] [stderr]     Checking log v0.4.6
[INFO] [stderr]     Checking crossbeam-utils v0.6.5
[INFO] [stderr]     Checking rand_jitter v0.1.3
[INFO] [stderr]    Compiling ring v0.13.5
[INFO] [stderr]    Compiling unicase v2.3.0
[INFO] [stderr]    Compiling v_escape v0.3.2
[INFO] [stderr]    Compiling v_htmlescape v0.3.2
[INFO] [stderr]    Compiling actix-web v0.7.18
[INFO] [stderr]     Checking tower-service v0.1.0
[INFO] [stderr]     Checking humantime v1.2.0
[INFO] [stderr]    Compiling encoding-index-tradchinese v1.20141219.5
[INFO] [stderr]    Compiling encoding-index-korean v1.20141219.5
[INFO] [stderr]    Compiling encoding-index-singlebyte v1.20141219.5
[INFO] [stderr]    Compiling encoding-index-simpchinese v1.20141219.5
[INFO] [stderr]    Compiling encoding-index-japanese v1.20141219.5
[INFO] [stderr]     Checking owning_ref v0.4.0
[INFO] [stderr]     Checking block-padding v0.1.3
[INFO] [stderr]    Compiling thread_local v0.3.6
[INFO] [stderr]     Checking tokio-sync v0.1.4
[INFO] [stderr]    Compiling regex-syntax v0.6.5
[INFO] [stderr]    Compiling semver v0.9.0
[INFO] [stderr]     Checking lru-cache v0.1.1
[INFO] [stderr]    Compiling proc-macro2 v0.4.27
[INFO] [stderr]     Checking rand_isaac v0.1.1
[INFO] [stderr]     Checking rand_xorshift v0.1.1
[INFO] [stderr]     Checking rand_hc v0.1.0
[INFO] [stderr]    Compiling heck v0.3.1
[INFO] [stderr]     Checking idna v0.1.5
[INFO] [stderr]     Checking stringprep v0.1.2
[INFO] [stderr]    Compiling ryu v0.2.7
[INFO] [stderr]     Checking rand_os v0.1.3
[INFO] [stderr]     Checking net2 v0.2.33
[INFO] [stderr]     Checking rand v0.5.6
[INFO] [stderr]     Checking socket2 v0.3.8
[INFO] [stderr]     Checking hostname v0.1.5
[INFO] [stderr]     Checking signal-hook v0.1.8
[INFO] [stderr]     Checking atty v0.2.11
[INFO] [stderr]     Checking rand_chacha v0.1.1
[INFO] [stderr]     Checking tokio-executor v0.1.6
[INFO] [stderr]     Checking crossbeam-queue v0.1.2
[INFO] [stderr]     Checking crossbeam-channel v0.3.8
[INFO] [stderr]     Checking base64 v0.9.3
[INFO] [stderr]     Checking lock_api v0.1.5
[INFO] [stderr]     Checking crossbeam-epoch v0.7.1
[INFO] [stderr]     Checking generic-array v0.12.0
[INFO] [stderr]    Compiling rustc_version v0.2.3
[INFO] [stderr]    Compiling encoding v0.2.33
[INFO] [stderr]    Compiling derive-error v0.0.3
[INFO] [stderr]     Checking bytes v0.4.12
[INFO] [stderr]     Checking futures-cpupool v0.1.8
[INFO] [stderr]     Checking resolv-conf v0.6.2
[INFO] [stderr]    Compiling quote v0.6.11
[INFO] [stderr]     Checking mio v0.6.16
[INFO] [stderr]     Checking url v1.7.2
[INFO] [stderr]     Checking chrono v0.4.6
[INFO] [stderr]     Checking tokio-timer v0.2.10
[INFO] [stderr]     Checking tokio-current-thread v0.1.5
[INFO] [stderr]     Checking rand v0.6.5
[INFO] [stderr]     Checking crossbeam-deque v0.7.1
[INFO] [stderr]    Compiling syn v0.15.29
[INFO] [stderr]     Checking digest v0.8.0
[INFO] [stderr]     Checking crypto-mac v0.7.0
[INFO] [stderr]     Checking block-buffer v0.7.0
[INFO] [stderr]     Checking mime v0.3.13
[INFO] [stderr]     Checking aho-corasick v0.6.10
[INFO] [stderr]    Compiling nom v4.2.2
[INFO] [stderr]     Checking tokio-io v0.1.12
[INFO] [stderr]     Checking http v0.1.16
[INFO] [stderr]    Compiling parking_lot_core v0.4.0
[INFO] [stderr]     Checking hmac v0.7.0
[INFO] [stderr]     Checking sha2 v0.8.0
[INFO] [stderr]     Checking mio-uds v0.6.7
[INFO] [stderr]     Checking cookie v0.11.0
[INFO] [stderr]     Checking tokio-codec v0.1.1
[INFO] [stderr]     Checking tokio-threadpool v0.1.12
[INFO] [stderr]     Checking uuid v0.7.2
[INFO] [stderr]     Checking postgres-protocol v0.4.1
[INFO] [stderr]    Compiling phf_generator v0.7.24
[INFO] [stderr]     Checking parking_lot v0.7.1
[INFO] [stderr]    Compiling phf_codegen v0.7.24
[INFO] [stderr]     Checking env_logger v0.6.1
[INFO] [stderr]    Compiling mime_guess v2.0.0-alpha.6
[INFO] [stderr]     Checking tokio-reactor v0.1.9
[INFO] [stderr]     Checking tokio-fs v0.1.6
[INFO] [stderr]     Checking pretty_env_logger v0.3.0
[INFO] [stderr]     Checking tokio-tcp v0.1.3
[INFO] [stderr]     Checking tokio-udp v0.1.3
[INFO] [stderr]     Checking tokio-uds v0.2.5
[INFO] [stderr]     Checking tokio-signal v0.2.7
[INFO] [stderr]     Checking webpki v0.18.1
[INFO] [stderr]     Checking sct v0.4.0
[INFO] [stderr]     Checking h2 v0.1.17
[INFO] [stderr]     Checking tokio v0.1.17
[INFO] [stderr]     Checking rustls v0.14.0
[INFO] [stderr]     Checking webpki-roots v0.15.0
[INFO] [stderr]    Compiling synstructure v0.10.1
[INFO] [stderr]    Compiling darling_core v0.8.6
[INFO] [stderr]     Checking tokio-rustls v0.8.1
[INFO] [stderr]    Compiling serde_derive v1.0.89
[INFO] [stderr]    Compiling failure_derive v0.1.5
[INFO] [stderr]    Compiling v_escape_derive v0.2.1
[INFO] [stderr]    Compiling actix_derive v0.3.2
[INFO] [stderr]     Checking failure v0.1.5
[INFO] [stderr]    Compiling darling_macro v0.8.6
[INFO] [stderr]     Checking trust-dns-proto v0.6.3
[INFO] [stderr]     Checking trust-dns-proto v0.5.0
[INFO] [stderr]    Compiling darling v0.8.6
[INFO] [stderr]    Compiling derive_state_machine_future v0.2.0
[INFO] [stderr]     Checking trust-dns-resolver v0.10.3
[INFO] [stderr]     Checking actix v0.7.9
[INFO] [stderr]     Checking actix-net v0.2.6
[INFO] [stderr]     Checking state_machine_future v0.2.0
[INFO] [stderr]     Checking tokio-postgres v0.4.0-rc.3
[INFO] [stderr]     Checking serde_json v1.0.39
[INFO] [stderr]     Checking serde_urlencoded v0.5.4
[INFO] [stderr]     Checking validator v0.8.0
[INFO] [stderr]    Compiling validator_derive v0.8.0
[INFO] [stderr]     Checking micro-chimp v0.1.0 (/opt/rustwide/workdir)
[INFO] [stdout] error[E0583]: file not found for module `sites`
[INFO] [stdout]   --> src/main.rs:35:1
[INFO] [stdout]    |
[INFO] [stdout] 35 | mod sites;
[INFO] [stdout]    | ^^^^^^^^^^
[INFO] [stdout]    |
[INFO] [stdout]    = help: to create the module `sites`, create file "src/sites.rs"
[INFO] [stdout] 
[INFO] [stdout] 
[INFO] [stdout] error[E0583]: file not found for module `sites`
[INFO] [stdout]   --> src/main.rs:35:1
[INFO] [stdout]    |
[INFO] [stdout] 35 | mod sites;
[INFO] [stdout]    | ^^^^^^^^^^
[INFO] [stdout]    |
[INFO] [stdout]    = help: to create the module `sites`, create file "src/sites.rs"
[INFO] [stdout] 
[INFO] [stdout] 
[INFO] [stdout] error[E0432]: unresolved import `sites::SiteName`
[INFO] [stdout]   --> src/main.rs:36:5
[INFO] [stdout]    |
[INFO] [stdout] 36 | use sites::SiteName;
[INFO] [stdout]    |     ^^^^^^^^^^^^^^^ no `SiteName` in `sites`
[INFO] [stdout] 
[INFO] [stdout] 
[INFO] [stdout] error[E0432]: unresolved import `sites::SiteName`
[INFO] [stdout]   --> src/main.rs:36:5
[INFO] [stdout]    |
[INFO] [stdout] 36 | use sites::SiteName;
[INFO] [stdout]    |     ^^^^^^^^^^^^^^^ no `SiteName` in `sites`
[INFO] [stdout] 
[INFO] [stdout] 
[INFO] [stdout] error: aborting due to 2 previous errors
[INFO] [stdout] 
[INFO] [stdout] 
[INFO] [stdout] Some errors have detailed explanations: E0432, E0583.
[INFO] [stdout] 
[INFO] [stdout] For more information about an error, try `rustc --explain E0432`.
[INFO] [stdout] 
[INFO] [stderr] error: could not compile `micro-chimp`.
[INFO] [stderr] 
[INFO] [stderr] To learn more, run the command again with --verbose.
[INFO] [stderr] warning: build failed, waiting for other jobs to finish...
[INFO] [stdout] error: aborting due to 2 previous errors
[INFO] [stdout] 
[INFO] [stdout] 
[INFO] [stdout] Some errors have detailed explanations: E0432, E0583.
[INFO] [stdout] 
[INFO] [stdout] For more information about an error, try `rustc --explain E0432`.
[INFO] [stdout] 
[INFO] [stderr] error: build failed
[INFO] running `Command { std: "docker" "inspect" "11f54aac081f525e6f2dff80bc6d5802500577c899fabcf110b993d800a4aba6", kill_on_drop: false }`
[INFO] running `Command { std: "docker" "rm" "-f" "11f54aac081f525e6f2dff80bc6d5802500577c899fabcf110b993d800a4aba6", kill_on_drop: false }`
[INFO] [stdout] 11f54aac081f525e6f2dff80bc6d5802500577c899fabcf110b993d800a4aba6
